{"id":175,"date":"2018-03-09T20:46:55","date_gmt":"2018-03-09T19:46:55","guid":{"rendered":"http:\/\/iska-marina.fr\/index.php\/newsletter\/"},"modified":"2026-01-05T10:26:47","modified_gmt":"2026-01-05T09:26:47","slug":"newsletter","status":"publish","type":"page","link":"https:\/\/iska-marina.fr\/index.php\/newsletter\/","title":{"rendered":"Notre lettre"},"content":{"rendered":"<p style=\"text-align: center;\"><strong>Pour tout savoir de nos activit\u00e9s, \u00e9v\u00e9nements et sorties de colis de <span style=\"text-decoration: underline;\">viande bio &amp; 100% herbe<\/span>, inscrivez-vous ci-dessous ! A bient\u00f4t. Iska &amp; Marina.<\/strong><\/p>\n<p style=\"text-align: center;\"><p><div class=\"tnp tnp-subscription \">\n<form method=\"post\" action=\"https:\/\/iska-marina.fr\/wp-admin\/admin-ajax.php?action=tnp&amp;na=s\">\n<input type=\"hidden\" name=\"nlang\" value=\"\">\n<div class=\"tnp-field tnp-field-surname\"><label for=\"tnp-1\">Nom et Pr\u00e9nom<\/label>\n<input class=\"tnp-surname\" type=\"text\" name=\"ns\" id=\"tnp-1\" value=\"\" placeholder=\"\" required><\/div><div class=\"tnp-field tnp-field-email\"><label for=\"tnp-2\">Email<\/label>\n<input class=\"tnp-email\" type=\"email\" name=\"ne\" id=\"tnp-2\" value=\"\" placeholder=\"\" required><\/div>\n<div class=\"tnp-field tnp-field-profile\"><label for=\"tnp-3\">T\u00e9l\u00e9phone (facultatif)<\/label>\n<input class=\"tnp-profile tnp-profile-1\" id=\"tnp-profile_1\" type=\"text\" size=\"\" name=\"np1\" placeholder=\"\"><\/div>\n<div class=\"tnp-field tnp-field-profile\"><label for=\"tnp-4\">Commune (facultatif)<\/label>\n<input class=\"tnp-profile tnp-profile-2\" id=\"tnp-profile_2\" type=\"text\" size=\"\" name=\"np2\" placeholder=\"\"><\/div>\n<div class=\"tnp-field tnp-privacy-field\"><label>En validant le formulaire, j\u2019accepte de m\u2019inscrire sur le fichier d&#039;information de La Ferme d&#039;Iska &amp; Marina, et de recevoir l\u2019annonce des produits disponibles. Conform\u00e9ment au RGPD, je conserve un droit de consultation, modification et suppression de mes donn\u00e9es personnelles.<\/label><\/div><div class=\"tnp-field tnp-field-button\" style=\"text-align: left\"><input class=\"tnp-submit\" type=\"submit\" value=\"Je clique et m&#039;inscris \u00e0 la lettre de la ferme !\" style=\"\">\n<\/div>\n<\/form>\n<\/div>\n<\/p><\/p>\n<p style=\"text-align: center;\"><em><strong>Historique des lettres :<\/strong><\/em><\/p>\n<p>Janvier 2026 : <a href=\"https:\/\/iska-marina.fr\/?na=view&amp;id=54\" target=\"_blank\" rel=\"noopener\">En direct de la ferme&#8230; N\u00b049<\/a><\/p>\n<p>Novembre 2025 : <a href=\"https:\/\/iska-marina.fr\/?na=view&amp;id=53\" target=\"_blank\" rel=\"noopener\">En direct de la ferme&#8230; N\u00b048<\/a><br \/>Septembre 2025 : <a href=\"https:\/\/iska-marina.fr\/?na=view&amp;id=52\" target=\"_blank\" rel=\"noopener\">En direct de la ferme&#8230; N\u00b047<\/a><br \/>Ao\u00fbt 2025 : <a href=\"https:\/\/iska-marina.fr\/?na=view&amp;id=51\" target=\"_blank\" rel=\"noopener\">En direct de la ferme&#8230; N\u00b046<\/a><br \/>Juillet 2025 : <a href=\"https:\/\/iska-marina.fr\/?na=view&amp;id=50\" target=\"_blank\" rel=\"noopener\">En direct de la ferme&#8230; N\u00b045<\/a><br \/>Juin 2025 : <a href=\"https:\/\/iska-marina.fr\/?na=view&amp;id=49\" target=\"_blank\" rel=\"noopener\">En direct de la ferme&#8230; N\u00b044<\/a><br \/>Mai 2025 : <a href=\"https:\/\/iska-marina.fr\/?na=view&amp;id=48\" target=\"_blank\" rel=\"noopener\">En direct de la ferme&#8230; N\u00b043<\/a><br \/>Avril 2025 : <a href=\"https:\/\/iska-marina.fr\/?na=view&amp;id=47\" target=\"_blank\" rel=\"noopener\">En direct de la ferme&#8230; N\u00b042<\/a><br \/>Novembre 2024 : <a href=\"https:\/\/iska-marina.fr\/?na=view&amp;id=45\" target=\"_blank\" rel=\"noopener\">En direct de la ferme&#8230; N\u00b041<\/a><br \/>Octobre 2024 : <a href=\"https:\/\/iska-marina.fr\/?na=view&amp;id=44\" target=\"_blank\" rel=\"noopener\">En direct de la ferme&#8230; N\u00b040<\/a><br \/>Septembre 2024 : <a href=\"https:\/\/iska-marina.fr\/?na=view&amp;id=43\" target=\"_blank\" rel=\"noopener\">En direct de la ferme&#8230; N\u00b039<\/a><br \/>Juillet-Ao\u00fbt 2024 : <a href=\"https:\/\/iska-marina.fr\/?na=view&amp;id=42\" target=\"_blank\" rel=\"noopener\">En direct de la ferme&#8230; N\u00b038<\/a><br \/>Juin 2024 : <a href=\"https:\/\/iska-marina.fr\/?na=view&amp;id=41\" target=\"_blank\" rel=\"noopener\">En direct de la ferme&#8230; N\u00b037<\/a><br \/>Mai 2024 : <a href=\"https:\/\/iska-marina.fr\/?na=view&amp;id=40\" target=\"_blank\" rel=\"noopener\">En direct de la ferme&#8230; N\u00b036<\/a><br \/>D\u00e9cembre 2023 : <a href=\"https:\/\/iska-marina.fr\/?na=view&amp;id=38\" target=\"_blank\" rel=\"noopener\">En direct de la ferme&#8230; N\u00b035<\/a><br \/>Novembre 2023 : <a href=\"https:\/\/iska-marina.fr\/?na=view&amp;id=37\" target=\"_blank\" rel=\"noopener\">En direct de la ferme&#8230; N\u00b034<\/a><br \/>Ao\u00fbt-Septembre 2023 : <a href=\"https:\/\/iska-marina.fr\/?na=view&amp;id=36\" target=\"_blank\" rel=\"noopener\">En direct de la ferme&#8230; N\u00b033<\/a><br \/>Juin-juillet 2023 : <a href=\"https:\/\/iska-marina.fr\/?na=view&amp;id=35\" target=\"_blank\" rel=\"noopener\">En direct de la ferme&#8230; N\u00b032<\/a><br \/>Mai 2023 : <a href=\"https:\/\/iska-marina.fr\/?na=view&amp;id=34\" target=\"_blank\" rel=\"noopener\">En direct de la ferme&#8230; N\u00b031<\/a><br \/>Mars 2023 : <a href=\"https:\/\/iska-marina.fr\/?na=view&amp;id=33\" target=\"_blank\" rel=\"noopener\">En direct de la ferme&#8230; N\u00b030<\/a><br \/>Janvier-F\u00e9vrier 2023 : <a href=\"https:\/\/iska-marina.fr\/?na=view&amp;id=32\" target=\"_blank\" rel=\"noopener\">En direct de la ferme&#8230; N\u00b029<\/a><br \/>Novembre 2022 : <a href=\"https:\/\/iska-marina.fr\/?na=view&amp;id=31\" target=\"_blank\" rel=\"noopener\">En direct de la ferme&#8230; N\u00b028<\/a><br \/>Octobre 2022 : <a href=\"https:\/\/iska-marina.fr\/?na=view&amp;id=30\" target=\"_blank\" rel=\"noopener\">En direct de la ferme&#8230; N\u00b027<\/a><br \/>Septembre 2022 : <a href=\"https:\/\/iska-marina.fr\/?na=view&amp;id=29\" target=\"_blank\" rel=\"noopener\">En direct de la ferme&#8230; N\u00b026<\/a><br \/>Ao\u00fbt 2022 : <a href=\"https:\/\/iska-marina.fr\/?na=view&amp;id=28\" target=\"_blank\" rel=\"noopener\">En direct de la ferme&#8230; N\u00b025<\/a><br \/>Juillet 2022 : <a href=\"https:\/\/iska-marina.fr\/?na=view&amp;id=27\" target=\"_blank\" rel=\"noopener\">En direct de la ferme&#8230; N\u00b024<\/a><br \/>Mai-Juin 2022 : <a href=\"https:\/\/iska-marina.fr\/?na=view&amp;id=26\" target=\"_blank\" rel=\"noopener\">En direct de la ferme&#8230; N\u00b023<\/a><br \/>Mars-Avril 2022 : <a href=\"https:\/\/iska-marina.fr\/?na=view&amp;id=25\" target=\"_blank\" rel=\"noopener\">En direct de la ferme&#8230; N\u00b022<\/a><br \/>D\u00e9cembre 2021 : <a href=\"https:\/\/iska-marina.fr\/?na=view&amp;id=24\" target=\"_blank\" rel=\"noopener\">En direct de la ferme&#8230; N\u00b021<\/a><br \/>Octobre 2021 : <a href=\"https:\/\/iska-marina.fr\/?na=view&amp;id=23\" target=\"_blank\" rel=\"noopener noreferrer\">En direct de la ferme&#8230; N\u00b020<\/a><br \/>Septembre 2021 : <a href=\"https:\/\/iska-marina.fr\/?na=view&amp;id=22\" target=\"_blank\" rel=\"noopener noreferrer\">En direct de la ferme&#8230; N\u00b019<\/a><br \/>Juillet 2021 : <a href=\"https:\/\/iska-marina.fr\/?na=view&amp;id=21\" target=\"_blank\" rel=\"noopener noreferrer\">En direct de la ferme&#8230; N\u00b018<\/a><br \/>Juin 2021 : <a href=\"https:\/\/iska-marina.fr\/?na=view&amp;id=20\" target=\"_blank\" rel=\"noopener noreferrer\">En direct de la ferme&#8230; N\u00b017<\/a><br \/>F\u00e9vrier-Mars 2021 : <a href=\"https:\/\/iska-marina.fr\/?na=view&amp;id=19\" target=\"_blank\" rel=\"noopener noreferrer\">En direct de la ferme&#8230; N\u00b016<\/a><br \/>D\u00e9cembre-Janvier 2021 : <a href=\"https:\/\/iska-marina.fr\/?na=view&amp;id=18\" target=\"_blank\" rel=\"noopener noreferrer\">En direct de la ferme&#8230; N\u00b015<\/a><br \/>Octobre-Novembre 2020 : <a href=\"https:\/\/iska-marina.fr\/?na=view&amp;id=17\" target=\"_blank\" rel=\"noopener noreferrer\">En direct de la ferme&#8230; N\u00b014<\/a><br \/>Juillet-Septembre 2020 :\u00a0<a href=\"https:\/\/iska-marina.fr\/?na=view&amp;id=16\" target=\"_blank\" rel=\"noopener noreferrer\">En direct de la ferme&#8230; N\u00b013<\/a><br \/>Avril-Juin 2020 : <a href=\"https:\/\/iska-marina.fr\/?na=view&amp;id=15\" target=\"_blank\" rel=\"noopener noreferrer\">En direct de la ferme&#8230; N\u00b012<\/a><br \/>F\u00e9vrier-Mars 2020 : <a href=\"https:\/\/iska-marina.fr\/?na=view&amp;id=14\" target=\"_blank\" rel=\"noopener noreferrer\">En direct de la ferme&#8230; N\u00b011<\/a><br \/>Novembre-Janvier 2020 : <a href=\"https:\/\/iska-marina.fr\/?na=view&amp;id=13\" target=\"_blank\" rel=\"noopener noreferrer\">En direct de la ferme&#8230; N\u00b010<\/a><br \/>Ao\u00fbt-Octobre 2019 : <a href=\"https:\/\/iska-marina.fr\/?na=view&amp;id=12\" target=\"_blank\" rel=\"noopener noreferrer\">En direct de la ferme&#8230; N\u00b09<\/a><br \/>Mai-Juillet 2019 : <a href=\"https:\/\/iska-marina.fr\/?na=view&amp;id=11\" target=\"_blank\" rel=\"noopener noreferrer\">En direct de la ferme&#8230; N\u00b08<\/a><br \/>F\u00e9vrier-Avril 2019 : <a href=\"https:\/\/iska-marina.fr\/?na=view&amp;id=10\" target=\"_blank\" rel=\"noopener noreferrer\">En direct de la ferme&#8230; N\u00b07<\/a><br \/>D\u00e9cembre-Janvier 2019 :\u00a0<a href=\"https:\/\/iska-marina.fr\/?na=view&amp;id=9\" target=\"_blank\" rel=\"noopener noreferrer\">En direct de la ferme&#8230; N\u00b06<\/a><br \/>Novembre 2018 :\u00a0<a href=\"https:\/\/iska-marina.fr\/?na=view&amp;id=8\" target=\"_blank\" rel=\"noopener noreferrer\">En direct de la ferme&#8230; N\u00b05<\/a><br \/>Septembre-Octobre 2018 : <a href=\"https:\/\/iska-marina.fr\/?na=view&amp;id=7\" target=\"_blank\" rel=\"noopener noreferrer\">En direct de la ferme&#8230; N\u00b04<\/a><br \/>Juillet-Ao\u00fbt 2018 : <a href=\"https:\/\/iska-marina.fr\/?na=view&amp;id=6\" target=\"_blank\" rel=\"noopener noreferrer\">En direct de la ferme&#8230; N\u00b03<\/a><br \/>Juin 2018 : <a href=\"https:\/\/iska-marina.fr\/?na=view&amp;id=5\" target=\"_blank\" rel=\"noopener noreferrer\">En direct de la ferme&#8230; N\u00b02<\/a><br \/>Mai 2018 : <a href=\"https:\/\/iska-marina.fr\/?na=view&amp;id=3\" target=\"_blank\" rel=\"noopener noreferrer\">En direct de la ferme&#8230; N\u00b01<\/a><\/p>\n\n\n<p><\/p>\n","protected":false},"excerpt":{"rendered":"<p>Pour tout savoir de nos activit\u00e9s, \u00e9v\u00e9nements et sorties de colis de viande bio &amp; 100% herbe, inscrivez-vous ci-dessous ! A bient\u00f4t. Iska &amp; Marina. Historique des lettres : Janvier 2026 : En direct de la ferme&#8230; N\u00b049 Novembre 2025 : En direct de la ferme&#8230; N\u00b048Septembre 2025 : En direct de la ferme&#8230; N\u00b047Ao\u00fbt&hellip; <br \/> <a class=\"read-more\" href=\"https:\/\/iska-marina.fr\/index.php\/newsletter\/\">Lire la suite<\/a><\/p>\n","protected":false},"author":1,"featured_media":0,"parent":0,"menu_order":0,"comment_status":"closed","ping_status":"closed","template":"","meta":{"_exactmetrics_skip_tracking":false,"_exactmetrics_sitenote_active":false,"_exactmetrics_sitenote_note":"","_exactmetrics_sitenote_category":0,"jetpack_post_was_ever_published":false,"footnotes":""},"class_list":["post-175","page","type-page","status-publish","hentry"],"jetpack_shortlink":"https:\/\/wp.me\/Paxaf4-2P","jetpack_sharing_enabled":true,"_links":{"self":[{"href":"https:\/\/iska-marina.fr\/index.php\/wp-json\/wp\/v2\/pages\/175"}],"collection":[{"href":"https:\/\/iska-marina.fr\/index.php\/wp-json\/wp\/v2\/pages"}],"about":[{"href":"https:\/\/iska-marina.fr\/index.php\/wp-json\/wp\/v2\/types\/page"}],"author":[{"embeddable":true,"href":"https:\/\/iska-marina.fr\/index.php\/wp-json\/wp\/v2\/users\/1"}],"replies":[{"embeddable":true,"href":"https:\/\/iska-marina.fr\/index.php\/wp-json\/wp\/v2\/comments?post=175"}],"version-history":[{"count":20,"href":"https:\/\/iska-marina.fr\/index.php\/wp-json\/wp\/v2\/pages\/175\/revisions"}],"predecessor-version":[{"id":2156,"href":"https:\/\/iska-marina.fr\/index.php\/wp-json\/wp\/v2\/pages\/175\/revisions\/2156"}],"wp:attachment":[{"href":"https:\/\/iska-marina.fr\/index.php\/wp-json\/wp\/v2\/media?parent=175"}],"curies":[{"name":"wp","href":"https:\/\/api.w.org\/{rel}","templated":true}]}}