{"id":177,"date":"2018-03-09T23:17:17","date_gmt":"2018-03-09T22:17:17","guid":{"rendered":"http:\/\/iska-marina.fr\/index.php\/mesmerize\/"},"modified":"2024-11-19T14:15:09","modified_gmt":"2024-11-19T13:15:09","slug":"mesmerize","status":"publish","type":"page","link":"https:\/\/iska-marina.fr\/","title":{"rendered":"Front Page"},"content":{"rendered":"<div id=\"latest-news-1\" class=\"blog-section content-section content-section-spacing\" style=\"background-color: #ffffff; background-image: none;\" data-label=\"Latest-news\" data-id=\"blog-section\" data-export-id=\"blog-section\" data-category=\"latest_news\">\n<div class=\"\">\n<div class=\"row\">\n<div class=\"section-title-col\" data-type=\"column\">\n<h2 class=\"\" style=\"padding-left: 40px; text-align: center;\"><span style=\"color: #339966;\"><strong><em>Derni\u00e8res nouvelles de la ferme !<\/em><\/strong><\/span><\/h2>\n<\/div>\n<\/div>\n<div class=\"row\">\n<div data-type=\"row\" data-dynamic-columns=\"handled\" data-content-shortcode=\"mesmerize_latest_news columns=&quot;6&quot; \">\t\t<div class=\"row center-sm content-left-sm\">\n\t\t\t\t\t<div id=\"post-2158\" class=\"col-sm-6 col-md-6 space-bottom space-bottom-xs\">\n\t\t\t\t<div class=\"post-content card y-move bordered\">\n\t\t\t\t\t<div class=\"post-thumbnail\">\n   <a href=\"https:\/\/iska-marina.fr\/index.php\/2026\/03\/21\/agneau-et-veau-a-reserver-pour-avril\/\" class=\"post-list-item-thumb \">\n      <img loading=\"lazy\" decoding=\"async\" width=\"1024\" height=\"1024\" src=\"https:\/\/iska-marina.fr\/wp-content\/uploads\/2020\/10\/FB_IMG_1598530862927-1024x1024.jpg\" class=\"attachment-post-thumbnail size-post-thumbnail wp-post-image\" alt=\"\" srcset=\"https:\/\/iska-marina.fr\/wp-content\/uploads\/2020\/10\/FB_IMG_1598530862927-1024x1024.jpg 1024w, https:\/\/iska-marina.fr\/wp-content\/uploads\/2020\/10\/FB_IMG_1598530862927-300x300.jpg 300w, https:\/\/iska-marina.fr\/wp-content\/uploads\/2020\/10\/FB_IMG_1598530862927-150x150.jpg 150w, https:\/\/iska-marina.fr\/wp-content\/uploads\/2020\/10\/FB_IMG_1598530862927-768x768.jpg 768w, https:\/\/iska-marina.fr\/wp-content\/uploads\/2020\/10\/FB_IMG_1598530862927.jpg 1080w\" sizes=\"(max-width: 1024px) 100vw, 1024px\" data-attachment-id=\"1330\" data-permalink=\"https:\/\/iska-marina.fr\/fb_img_1598530862927\/\" data-orig-file=\"https:\/\/iska-marina.fr\/wp-content\/uploads\/2020\/10\/FB_IMG_1598530862927.jpg\" data-orig-size=\"1080,1080\" data-comments-opened=\"1\" data-image-meta=\"{&quot;aperture&quot;:&quot;0&quot;,&quot;credit&quot;:&quot;&quot;,&quot;camera&quot;:&quot;&quot;,&quot;caption&quot;:&quot;&quot;,&quot;created_timestamp&quot;:&quot;0&quot;,&quot;copyright&quot;:&quot;&quot;,&quot;focal_length&quot;:&quot;0&quot;,&quot;iso&quot;:&quot;0&quot;,&quot;shutter_speed&quot;:&quot;0&quot;,&quot;title&quot;:&quot;&quot;,&quot;orientation&quot;:&quot;0&quot;}\" data-image-title=\"FB_IMG_1598530862927\" data-image-description=\"\" data-image-caption=\"&lt;p&gt;Au Grangousier&lt;\/p&gt;\n\" data-medium-file=\"https:\/\/iska-marina.fr\/wp-content\/uploads\/2020\/10\/FB_IMG_1598530862927-300x300.jpg\" data-large-file=\"https:\/\/iska-marina.fr\/wp-content\/uploads\/2020\/10\/FB_IMG_1598530862927-1024x1024.jpg\" \/>   <\/a>\n<\/div>\n\t\t\t\t\t<div class=\"col-padding col-padding-xs\">\n\t\t\t\t\t\t<h3 class=\"post-title space-bottom-small\">\n\t\t\t\t\t\t\t<a href=\"https:\/\/iska-marina.fr\/index.php\/2026\/03\/21\/agneau-et-veau-a-reserver-pour-avril\/\" rel=\"bookmark\">\n\t\t\t\t\t\t\t\tAgneau et Veau \u00e0 r\u00e9server pour avril\t\t\t\t\t\t\t<\/a>\n\t\t\t\t\t\t<\/h3>\n\t\t\t\t\t\t<p>ATTENTION TOUT EST R\u00c9SERV\u00c9 !! Merci. Bonjour \u00e0 tous, Pour ce joli mois d&rsquo;avril, nous vous proposons agneau et veau : \ud83d\udc11Des colis d&rsquo;agneauDistribution le vendredi 3 avril apr\u00e8s-midi ;[&hellip;]<\/p>\n\t\t\t\t\t\t<a class=\"read-more link\" href=\"https:\/\/iska-marina.fr\/index.php\/2026\/03\/21\/agneau-et-veau-a-reserver-pour-avril\/\">\n\t\t\t\t\t\t\tRead more\t\t\t\t\t\t<\/a>\n\t\t\t\t\t<\/div>\n\t\t\t\t<\/div>\n\t\t\t<\/div>\n\t\t\t\t\t\t<div id=\"post-2149\" class=\"col-sm-6 col-md-6 space-bottom space-bottom-xs\">\n\t\t\t\t<div class=\"post-content card y-move bordered\">\n\t\t\t\t\t<div class=\"post-thumbnail\">\n   <a href=\"https:\/\/iska-marina.fr\/index.php\/2026\/01\/05\/colis-de-veau-a-reserver-avant-le-18-janvier\/\" class=\"post-list-item-thumb \">\n      <img loading=\"lazy\" decoding=\"async\" width=\"1024\" height=\"495\" src=\"https:\/\/iska-marina.fr\/wp-content\/uploads\/2026\/01\/IMG_20260105_0944513-scaled-e1767604321348-1024x495.jpg\" class=\"attachment-post-thumbnail size-post-thumbnail wp-post-image\" alt=\"bonne ann\u00e9e meilleurs v\u0153ux troupeau vaches bordelaises\" srcset=\"https:\/\/iska-marina.fr\/wp-content\/uploads\/2026\/01\/IMG_20260105_0944513-scaled-e1767604321348-1024x495.jpg 1024w, https:\/\/iska-marina.fr\/wp-content\/uploads\/2026\/01\/IMG_20260105_0944513-scaled-e1767604321348-300x145.jpg 300w, https:\/\/iska-marina.fr\/wp-content\/uploads\/2026\/01\/IMG_20260105_0944513-scaled-e1767604321348-768x371.jpg 768w, https:\/\/iska-marina.fr\/wp-content\/uploads\/2026\/01\/IMG_20260105_0944513-scaled-e1767604321348-1536x742.jpg 1536w, https:\/\/iska-marina.fr\/wp-content\/uploads\/2026\/01\/IMG_20260105_0944513-scaled-e1767604321348-2048x990.jpg 2048w, https:\/\/iska-marina.fr\/wp-content\/uploads\/2026\/01\/IMG_20260105_0944513-scaled-e1767604321348-1920x928.jpg 1920w\" sizes=\"(max-width: 1024px) 100vw, 1024px\" data-attachment-id=\"2152\" data-permalink=\"https:\/\/iska-marina.fr\/img_20260105_0944513\/\" data-orig-file=\"https:\/\/iska-marina.fr\/wp-content\/uploads\/2026\/01\/IMG_20260105_0944513-scaled-e1767604321348.jpg\" data-orig-size=\"2560,1237\" data-comments-opened=\"1\" data-image-meta=\"{&quot;aperture&quot;:&quot;0&quot;,&quot;credit&quot;:&quot;&quot;,&quot;camera&quot;:&quot;&quot;,&quot;caption&quot;:&quot;&quot;,&quot;created_timestamp&quot;:&quot;0&quot;,&quot;copyright&quot;:&quot;&quot;,&quot;focal_length&quot;:&quot;0&quot;,&quot;iso&quot;:&quot;0&quot;,&quot;shutter_speed&quot;:&quot;0&quot;,&quot;title&quot;:&quot;&quot;,&quot;orientation&quot;:&quot;0&quot;}\" data-image-title=\"IMG_20260105_094451~3\" data-image-description=\"\" data-image-caption=\"\" data-medium-file=\"https:\/\/iska-marina.fr\/wp-content\/uploads\/2026\/01\/IMG_20260105_0944513-scaled-e1767604321348-300x145.jpg\" data-large-file=\"https:\/\/iska-marina.fr\/wp-content\/uploads\/2026\/01\/IMG_20260105_0944513-scaled-e1767604321348-1024x495.jpg\" \/>   <\/a>\n<\/div>\n\t\t\t\t\t<div class=\"col-padding col-padding-xs\">\n\t\t\t\t\t\t<h3 class=\"post-title space-bottom-small\">\n\t\t\t\t\t\t\t<a href=\"https:\/\/iska-marina.fr\/index.php\/2026\/01\/05\/colis-de-veau-a-reserver-avant-le-18-janvier\/\" rel=\"bookmark\">\n\t\t\t\t\t\t\t\tColis de veau \u00e0 r\u00e9server avant le 18 janvier\t\t\t\t\t\t\t<\/a>\n\t\t\t\t\t\t<\/h3>\n\t\t\t\t\t\t<p>Bonjour \u00e0 tous,Et meilleurs v\u0153ux pour cette nouvelle ann\u00e9e ! Pour d\u00e9marrer 2026 en mijotant de bons petits plats, nous vous proposons des colis de veau bio ros\u00e9 de race[&hellip;]<\/p>\n\t\t\t\t\t\t<a class=\"read-more link\" href=\"https:\/\/iska-marina.fr\/index.php\/2026\/01\/05\/colis-de-veau-a-reserver-avant-le-18-janvier\/\">\n\t\t\t\t\t\t\tRead more\t\t\t\t\t\t<\/a>\n\t\t\t\t\t<\/div>\n\t\t\t\t<\/div>\n\t\t\t<\/div>\n\t\t\t\t<\/div>\n\t<\/div>\n<\/div>\n<div class=\"row\">\n<div class=\"text-center\"><a class=\"button color1\" href=\"https:\/\/iska-marina.fr\/index.php\/actus\/\" target=\"_self\" rel=\"noopener noreferrer\" data-attr-shortcode=\"href:mesmerize_blog_link\">Voir toutes les actus<\/a><\/div>\n<\/div>\n<\/div>\n<\/div>\n<p style=\"text-align: center;\"><strong>Abonnez-vous \u00e0 notre lettre d\u2019infos pour rester en contact, tout savoir de la ferme (\u00e9levages, \u00e9v\u00e9nements\u2026), et ne manquer aucune commande de viande :<\/strong><\/p>\n<p style=\"text-align: center;\"><p><div class=\"tnp tnp-subscription \">\n<form method=\"post\" action=\"https:\/\/iska-marina.fr\/wp-admin\/admin-ajax.php?action=tnp&amp;na=s\">\n<input type=\"hidden\" name=\"nlang\" value=\"\">\n<div class=\"tnp-field tnp-field-surname\"><label for=\"tnp-1\">Nom et Pr\u00e9nom<\/label>\n<input class=\"tnp-surname\" type=\"text\" name=\"ns\" id=\"tnp-1\" value=\"\" placeholder=\"\" required><\/div><div class=\"tnp-field tnp-field-email\"><label for=\"tnp-2\">Email<\/label>\n<input class=\"tnp-email\" type=\"email\" name=\"ne\" id=\"tnp-2\" value=\"\" placeholder=\"\" required><\/div>\n<div class=\"tnp-field tnp-field-profile\"><label for=\"tnp-3\">T\u00e9l\u00e9phone (facultatif)<\/label>\n<input class=\"tnp-profile tnp-profile-1\" id=\"tnp-profile_1\" type=\"text\" size=\"\" name=\"np1\" placeholder=\"\"><\/div>\n<div class=\"tnp-field tnp-field-profile\"><label for=\"tnp-4\">Commune (facultatif)<\/label>\n<input class=\"tnp-profile tnp-profile-2\" id=\"tnp-profile_2\" type=\"text\" size=\"\" name=\"np2\" placeholder=\"\"><\/div>\n<div class=\"tnp-field tnp-privacy-field\"><label>En validant le formulaire, j\u2019accepte de m\u2019inscrire sur le fichier d&#039;information de La Ferme d&#039;Iska &amp; Marina, et de recevoir l\u2019annonce des produits disponibles. Conform\u00e9ment au RGPD, je conserve un droit de consultation, modification et suppression de mes donn\u00e9es personnelles.<\/label><\/div><div class=\"tnp-field tnp-field-button\" style=\"text-align: left\"><input class=\"tnp-submit\" type=\"submit\" value=\"Je clique et m&#039;inscris \u00e0 la lettre de la ferme !\" style=\"\">\n<\/div>\n<\/form>\n<\/div>\n<\/p><\/p>\n<p style=\"text-align: center;\"><strong>Suivez-nous sur les r\u00e9seaux et partagez !<\/strong><\/p>\n<script >(function(d, s, id) {<\/p>\n<p              >  var js, fjs = d.getElementsByTagName(s)[0];<\/p>\n<p              >  if (d.getElementById(id)) return;<\/p>\n<p              >  js = d.createElement(s); js.id = id;<\/p>\n<p              >  js.src = 'https:\/\/connect.facebook.net\/fr_FR\/sdk.js#xfbml=1&version=v2.12&autoLogAppEvents=1';<\/p>\n<p              >  fjs.parentNode.insertBefore(js, fjs);<\/p>\n<p              >}(document, 'script', 'facebook-jssdk'));<\/script>","protected":false},"excerpt":{"rendered":"<p>Derni\u00e8res nouvelles de la ferme ! Voir toutes les actus Abonnez-vous \u00e0 notre lettre d\u2019infos pour rester en contact, tout savoir de la ferme (\u00e9levages, \u00e9v\u00e9nements\u2026), et ne manquer aucune commande de viande : Suivez-nous sur les r\u00e9seaux et partagez !<\/p>\n","protected":false},"author":1,"featured_media":0,"parent":0,"menu_order":0,"comment_status":"closed","ping_status":"closed","template":"page-templates\/homepage.php","meta":{"_exactmetrics_skip_tracking":false,"_exactmetrics_sitenote_active":false,"_exactmetrics_sitenote_note":"","_exactmetrics_sitenote_category":0,"jetpack_post_was_ever_published":false,"footnotes":""},"class_list":["post-177","page","type-page","status-publish","hentry"],"jetpack_shortlink":"https:\/\/wp.me\/Paxaf4-2R","jetpack_sharing_enabled":true,"_links":{"self":[{"href":"https:\/\/iska-marina.fr\/index.php\/wp-json\/wp\/v2\/pages\/177"}],"collection":[{"href":"https:\/\/iska-marina.fr\/index.php\/wp-json\/wp\/v2\/pages"}],"about":[{"href":"https:\/\/iska-marina.fr\/index.php\/wp-json\/wp\/v2\/types\/page"}],"author":[{"embeddable":true,"href":"https:\/\/iska-marina.fr\/index.php\/wp-json\/wp\/v2\/users\/1"}],"replies":[{"embeddable":true,"href":"https:\/\/iska-marina.fr\/index.php\/wp-json\/wp\/v2\/comments?post=177"}],"version-history":[{"count":7,"href":"https:\/\/iska-marina.fr\/index.php\/wp-json\/wp\/v2\/pages\/177\/revisions"}],"predecessor-version":[{"id":2015,"href":"https:\/\/iska-marina.fr\/index.php\/wp-json\/wp\/v2\/pages\/177\/revisions\/2015"}],"wp:attachment":[{"href":"https:\/\/iska-marina.fr\/index.php\/wp-json\/wp\/v2\/media?parent=177"}],"curies":[{"name":"wp","href":"https:\/\/api.w.org\/{rel}","templated":true}]}}